e the first derivative of 3*d**3 + d - 2. List the prime factors of i(a).
37
List the prime factors of 4*-3*(-50)/6.
2, 5
Suppose 5*r - 18 = 4*a, 3*a - 3 = -4*r - 1. Suppose -r*o = m - 21, 0 = 4*o - 4*m + 2*m - 38. What are the prime factors of o?
2, 5
Let z(s) = 34*s - 86. Let f be z(12). Let c = f + -175. What are the prime factors of c?
3, 7
Suppose -70*j + 124822 = -21618. List the prime factors of j.
2, 523
Suppose 0 = 2*v + 2*p - 102, 2*p - 204 = -3*v - v. Suppose -o + v = -9. What are the prime factors of o?
2, 3, 5
Suppose -3*g - 3*a + 669 = 0, -30 = 4*g + 3*a - 918. List the prime factors of g.
3, 73
Let g(y) be the second derivative of -y**5/20 + y**4/3 + y**3/2 + y**2 - y. Let s be g(4). What are the prime factors of 285/21 + (-8)/s?
13
Let z = 77 - 72. Suppose q = z*m - 663, m - 1 = 5*q + 146. What are the prime factors of m?
2, 3, 11
Suppose -4001 = -3*a - q, 2*q = -6 - 2. What are the prime factors of a?
3, 5, 89
Let w(h) = -h**3 + 5*h**2 + h - 2. Let j be w(5). Suppose -4*s - 5*b - 58 = -j*s, s = 2*b - 72. Let l = -40 - s. What are the prime factors of l?
2, 7
Let a(o) = -o**3 + 6*o**2 - 8*o - 111. What are the prime factors of a(-12)?
3, 859
Suppose 232 = n + 3*n. Let o = -46 + n. List the prime factors of o.
2, 3
Let m be (-448)/(-42) - (-1)/3. Let s(z) = -z**2 + 14*z + 5. List the prime factors of s(m).
2, 19
Let y(f) = f**2 - 10*f + 15. Let o be y(11). Suppose -x + 15 = -o. List the prime factors of x.
41
Let c = -4 - -54. Let j = c - 27. List the prime factors of j.
23
Let b(f) = -f**2 + 49*f - 53. What are the prime factors of b(37)?
17, 23
Let m(o) = o + 11. Suppose -4*b + 5*s = 0, 2*b = 5*b + 3*s. Let i be m(b). Let v = -4 + i. What are the prime factors of v?
7
Let z(y) = -y - 4. Let w be z(-10). Suppose -w*r + 213 + 357 = 0. List the prime factors of r.
5, 19
Let b(n) = -2*n - 43. Let s be b(-24). Suppose 0 = a - 5*a - 5*t + 52, s*a - 4*t - 65 = 0. List the prime factors of a.
13
Let v(k) = -k**3 - 4*k**2 + 31*k + 19. List the prime factors of v(-13).
3, 379
Let i = -24 - -30. Let x(t) = -t**3 + 6*t**2 + 4*t + 1. List the prime factors of x(i).
5
Let q(r) = r**3 + 11*r**2 - r - 15. Let m be q(-11). Let b be m/(-16) + (-9)/4. What are the prime factors of 84/8 - (-1)/b?
2, 5
Let a be (5 - 2)*(-1868)/(-3). Suppose 0 = -0*w + 2*w - a. What are the prime factors of 2/(-15) + w/30?
31
Suppose -2*h - 70 = -2*q, 4*q - 2*h + h = 137. Let g = q - 16. What are the prime factors of g?
2, 3
Let c = 14 - 8. Let f(b) = b**2 + 2*b - 6. What are the prime factors of f(c)?
2, 3, 7
Let r(o) = o**2 - o - 8. Suppose 5*v + 75 = 25. Let w = v + 6. List the prime factors of r(w).
2, 3
Suppose -38 = 6*h - 98. What are the prime factors of h?
2, 5
Let b = 1105 - 411. What are the prime factors of b?
2, 347
Let s = 5887 + -3952. Suppose 8*m = -7*m + s. What are the prime factors of m?
3, 43
Let m(f) = 3*f**2 - 11*f - 13. Let t(u) = 2*u + 21. Let d be t(-7). List the prime factors of m(d).
3, 19
Let t(q) be the third derivative of q**6/120 - q**5/10 + 5*q**4/24 + q**3 + 30*q**2. Suppose 0 = -9*v + 6*v + 15. List the prime factors of t(v).
2, 3
Suppose 5*d - 18*d + 104 = 0. Let a = 38 - d. What are the prime factors of a?
2, 3, 5
Suppose -5*t + v + 172 = -2*v, 5*t + v - 156 = 0. Let o = 20 + t. Suppose o = 4*b + 4*w, -2*b + 3*w + 25 = -b. List the prime factors of b.
2
Let w be -2 + 2 + 0/(-2). Suppose -i - 6*t + 9 = -2*t, w = -t + 1. What are the prime factors of i?
5
Let i be (-1 + 1)*15/(-45). Suppose -4*j = i, 5*s + j + 4*j - 545 = 0. What are the prime factors of s?
109
Let k = 30 + -18. Let c be 5/(-2)*24/k. What are the prime factors of 5/(c/2)*-42?
2, 3, 7
What are the prime factors of (-8)/52 - (74160/65)/(-6)?
2, 5, 19
Let z(t) = -253*t + 219. List the prime factors of z(-6).
3, 193
Suppose -3*s - 4 = m, 0 = -5*m - 4*s - 5 - 15. Let z be 315/14 - (-2)/m. Let l = -2 + z. What are the prime factors of l?
2, 5
Let j be 2*(12/4 + -38). Let q be ((-6)/(-5))/(28/j). List the prime factors of (-4)/q*(-45)/(-6).
2, 5
What are the prime factors of 6 - (-39)/(-6) - 2035/(-10)?
7, 29
Let v(n) = 4*n**3 - 4*n**2 + n - 4. Let i(r) = 8*r**3 - 7*r**2 + r - 7. Let s(k) = 3*i(k) - 5*v(k). Suppose 4*w - 5 = 3. List the prime factors of s(w).
23
Let c(o) = o**3 + 21*o**2 + 43*o + 13. What are the prime factors of c(-18)?
211
Let v(o) = 8*o**3 - 4*o**2 - 2*o + 9. List the prime factors of v(2).
53
Let m(x) = x**2 + 4*x + 8. Let z be m(-4). Suppose 2*q = 3*g + 16, 0 = -0*g + 2*g + z. Suppose -d + 2*w + q*w = -43, -3*w = d - 15. List the prime factors of d.
3
Let p(u) = 30*u**2 - u - 15. List the prime factors of p(4).
461
Let c(l) = 6*l**2 + 17*l - 2. What are the prime factors of c(-11)?
3, 179
Suppose 2*h = 1 + 1. Let l(j) = -238*j**3 + j**2 - 2*j + 1. Let t be l(h). List the prime factors of t/(-8) - 7/(-28).
2, 3, 5
Let a(v) = 4*v**3 + 4*v**2 - 7*v + 17. What are the prime factors of a(4)?
3, 103
Suppose 4*n - 15166 = 2*i, -i + 8 - 9 = 0. What are the prime factors of n?
17, 223
Suppose -12841 = -2*t + 4*c - 3217, -24060 = -5*t + c. List the prime factors of t/60 - (-1)/(-5).
2, 5
Suppose 0 = -6*v + v + 5*s + 4460, -5*s - 10 = 0. List the prime factors of v.
2, 5, 89
Let f be (-123)/(-39) + (0 - 6/39). Let i be -1 + (-1)/1 + 7. Suppose 4*g + 2*c = 228, c - 288 = -i*g - f*c. List the prime factors of g.
2, 7
Let o = -646 + 788. List the prime factors of o.
2, 71
Let u(i) = i**3 - 2*i**2 - 2*i - 1. Let q be u(-1). Let d = q + 4. Suppose 0 = -2*n - 2*v + 8, d*v = -2*n - 3*v + 14. What are the prime factors of n?
2
Suppose -5*q - 11 = 3*h - 155, 144 = 3*h - 4*q. Suppose 3*c - 196 = -4*s, 0 = -4*c + 5*c - 3*s - h. What are the prime factors of c?
2, 3, 5
Let i = -648 + 1316. List the prime factors of i.
2, 167
Suppose 13*o = 10*o + 45. Suppose u - 32 = o. What are the prime factors of u?
47
Suppose 0 = -z - 3*z + 436. Let u = z + -70. Let b = -18 + u. What are the prime factors of b?
3, 7
Suppose 2*v - 204 = 154. Suppose -2*w - v = -3*z - 0*w, 4*w = -2*z + 98. List the prime factors of z.
3, 19
Let f be 4 + (1 - 4 - -35). Suppose -f = -k - 0*k. What are the prime factors of k?
2, 3
Let p(r) = 5*r**2 - 3 + 0 - r - r + 2. List the prime factors of p(-4).
3, 29
Let c(q) = -q**3 + 5*q**2 + q - 2. Let d(h) = h**2 - 7*h. Let z be d(6). Let t be 18/(-15)*15/z. List the prime factors of c(t).
19
Suppose -2*t = -1907 + 333. What are the prime factors of t?
787
Let t(w) = 106*w - 1. Let f(z) = 107*z - 1. Let p(d) = -7*f(d) + 6*t(d). List the prime factors of p(-1).
2, 3, 19
Suppose -3*a + 3*j + 2997 = j, 0 = -a + j + 1000. List the prime factors of a.
997
Let l(y) = y**3 + 7*y**2. Let v be l(-8). Let c = v + 82. What are the prime factors of c?
2, 3
Let x(b) = b**3 - 6*b**2 + 4*b + 5. Let h be x(5). Let g = h + 0. Suppose g*y = 3*y - 42. What are the prime factors of y?
2, 7
Suppose 50*w - 47*w - 4806 = 0. List the prime factors of w.
2, 3, 89
Suppose 0 = 2*s - 5*s - 36. Let b = s - -42. Let h = -22 + b. List the prime factors of h.
2
What are the prime factors of 28/4*((-13500)/(-35))/6?
2, 3, 5
Let g = 80 - 96. List the prime factors of ((-164)/(-3))/(g/(-48)).
2, 41
Let r(v) = v**3 - 3*v**2 + 1. Let d be r(3). Suppose 2*o + 6 = 3*w, 2*w - d = -3*o + 4*o. List the prime factors of (-2 - 1)/(1/o).
3
Suppose h - 4 = -4*i - h, h - 2 = -4*i. Suppose i = -t + 5*t - 20. Suppose -t*v - b = -6*b - 110, 0 = v + 3*b - 6. List the prime factors of v.
2, 3
Let b be (-3)/(-12) - 46/(-8). Suppose -3*s = 12, -2*k + b*s - 5*s + 374 = 0. What are the prime factors of k?
5, 37
Let n(x) = 12*x**2 + 13*x - 149. What are the prime factors of n(-11)?
2, 5, 29
Suppose p - 2*m + 3*m - 120 = 0, 2*p = -m + 236. Suppose -2*d + 0*b - p = -5*b, -155 = 3*d + 2*b. List the prime factors of 3/(-6)*0 - d.
53
Let t = 90 - -3093. List the prime factors of t.
3, 1061
Suppose p = -4*k + 27, 5*k - 1 - 17 = 4*p. Suppose -9 = -f + k. Let m = 19 + f. List the prime factors of m.
2, 17
Suppose -6*b - 315 = -21*b. List the prime factors of (35/b)/(2/210).
5, 7
Let y(i) be the first derivative of i**2/2 + 59*i + 1. List the prime factors of y(0).
59
Let q = -1776 + 2517. List the prime factors of q.
3, 13, 19
Let z be 4/6 - 14/21. Suppose -36 = -4*t + n - z*n, 5*n + 27 = 3*t. Suppose 11*a - 10*a = t. What